{"id":709,"date":"2024-03-07T06:56:22","date_gmt":"2024-03-07T06:56:22","guid":{"rendered":"https:\/\/www.baobihogia.vn\/?page_id=709"},"modified":"2024-03-07T09:06:36","modified_gmt":"2024-03-07T09:06:36","slug":"gioi-thieu","status":"publish","type":"page","link":"https:\/\/www.baobihogia.vn\/?page_id=709","title":{"rendered":"GI\u1edaI THI\u1ec6U"},"content":{"rendered":"\n<div class=\"slider-wrapper relative\" id=\"slider-2025886698\" >\n    <div class=\"slider slider-nav-circle slider-nav-large slider-nav-light slider-style-normal\"\n        data-flickity-options='{\n            \"cellAlign\": \"center\",\n            \"imagesLoaded\": true,\n            \"lazyLoad\": 1,\n            \"freeScroll\": false,\n            \"wrapAround\": true,\n            \"autoPlay\": 6000,\n            \"pauseAutoPlayOnHover\" : true,\n            \"prevNextButtons\": true,\n            \"contain\" : true,\n            \"adaptiveHeight\" : true,\n            \"dragThreshold\" : 10,\n            \"percentPosition\": true,\n            \"pageDots\": true,\n            \"rightToLeft\": false,\n            \"draggable\": true,\n            \"selectedAttraction\": 0.1,\n            \"parallax\" : 0,\n            \"friction\": 0.6        }'\n        >\n        \n\n\t<div class=\"img has-hover x md-x lg-x y md-y lg-y\" id=\"image_500229274\">\n\t\t\t\t\t\t\t\t<div class=\"img-inner dark\" >\n\t\t\t<img loading=\"lazy\" decoding=\"async\" width=\"1020\" height=\"448\" src=\"https:\/\/www.baobihogia.vn\/wp-content\/uploads\/2024\/03\/banner-daunhot-copy-1-1024x450.jpg\" class=\"attachment-large size-large\" alt=\"\" srcset=\"https:\/\/www.baobihogia.vn\/wp-content\/uploads\/2024\/03\/banner-daunhot-copy-1-1024x450.jpg 1024w, https:\/\/www.baobihogia.vn\/wp-content\/uploads\/2024\/03\/banner-daunhot-copy-1-1000x439.jpg 1000w, https:\/\/www.baobihogia.vn\/wp-content\/uploads\/2024\/03\/banner-daunhot-copy-1-300x132.jpg 300w, https:\/\/www.baobihogia.vn\/wp-content\/uploads\/2024\/03\/banner-daunhot-copy-1-768x337.jpg 768w, https:\/\/www.baobihogia.vn\/wp-content\/uploads\/2024\/03\/banner-daunhot-copy-1-1536x674.jpg 1536w, https:\/\/www.baobihogia.vn\/wp-content\/uploads\/2024\/03\/banner-daunhot-copy-1.jpg 2000w\" sizes=\"auto, (max-width: 1020px) 100vw, 1020px\" \/>\t\t\t\t\t\t\n\t\t\t\t\t<\/div>\n\t\t\t\t\t\t\t\t\n<style>\n#image_500229274 {\n  width: 100%;\n}\n<\/style>\n\t<\/div>\n\t\n\n\t<div class=\"img has-hover x md-x lg-x y md-y lg-y\" id=\"image_558581649\">\n\t\t\t\t\t\t\t\t<div class=\"img-inner dark\" >\n\t\t\t<img loading=\"lazy\" decoding=\"async\" width=\"1020\" height=\"448\" src=\"https:\/\/www.baobihogia.vn\/wp-content\/uploads\/2024\/03\/banner-daunhot-1024x450.png\" class=\"attachment-large size-large\" alt=\"bao b\u00ec chai nh\u1edbt\" srcset=\"https:\/\/www.baobihogia.vn\/wp-content\/uploads\/2024\/03\/banner-daunhot-1024x450.png 1024w, https:\/\/www.baobihogia.vn\/wp-content\/uploads\/2024\/03\/banner-daunhot-1000x439.png 1000w, https:\/\/www.baobihogia.vn\/wp-content\/uploads\/2024\/03\/banner-daunhot-300x132.png 300w, https:\/\/www.baobihogia.vn\/wp-content\/uploads\/2024\/03\/banner-daunhot-768x337.png 768w, https:\/\/www.baobihogia.vn\/wp-content\/uploads\/2024\/03\/banner-daunhot-1536x674.png 1536w, https:\/\/www.baobihogia.vn\/wp-content\/uploads\/2024\/03\/banner-daunhot.png 2000w\" sizes=\"auto, (max-width: 1020px) 100vw, 1020px\" \/>\t\t\t\t\t\t\n\t\t\t\t\t<\/div>\n\t\t\t\t\t\t\t\t\n<style>\n#image_558581649 {\n  width: 100%;\n}\n<\/style>\n\t<\/div>\n\t\n\n\t<div class=\"img has-hover x md-x lg-x y md-y lg-y\" id=\"image_559797767\">\n\t\t\t\t\t\t\t\t<div class=\"img-inner dark\" >\n\t\t\t<img loading=\"lazy\" decoding=\"async\" width=\"1020\" height=\"448\" src=\"https:\/\/www.baobihogia.vn\/wp-content\/uploads\/2024\/03\/banner-2-1024x450.png\" class=\"attachment-large size-large\" alt=\"\" srcset=\"https:\/\/www.baobihogia.vn\/wp-content\/uploads\/2024\/03\/banner-2-1024x450.png 1024w, https:\/\/www.baobihogia.vn\/wp-content\/uploads\/2024\/03\/banner-2-1000x439.png 1000w, https:\/\/www.baobihogia.vn\/wp-content\/uploads\/2024\/03\/banner-2-300x132.png 300w, https:\/\/www.baobihogia.vn\/wp-content\/uploads\/2024\/03\/banner-2-768x337.png 768w, https:\/\/www.baobihogia.vn\/wp-content\/uploads\/2024\/03\/banner-2-1536x674.png 1536w, https:\/\/www.baobihogia.vn\/wp-content\/uploads\/2024\/03\/banner-2.png 2000w\" sizes=\"auto, (max-width: 1020px) 100vw, 1020px\" \/>\t\t\t\t\t\t\n\t\t\t\t\t<\/div>\n\t\t\t\t\t\t\t\t\n<style>\n#image_559797767 {\n  width: 100%;\n}\n<\/style>\n\t<\/div>\n\t\n\n\n     <\/div>\n\n     <div class=\"loading-spin dark large centered\"><\/div>\n\n     \t<\/div>\n\n\n\t<div id=\"gap-680615608\" class=\"gap-element clearfix\" style=\"display:block; height:auto;\">\n\t\t\n<style>\n#gap-680615608 {\n  padding-top: 30px;\n}\n<\/style>\n\t<\/div>\n\t\n\n\t<div id=\"text-2418081238\" class=\"text\">\n\t\t\n\n<p style=\"text-align: center;\"><!--more--><em><strong> TH\u01af NG\u1ece<\/strong><\/em><\/p>\n\t\t\n<style>\n#text-2418081238 {\n  font-size: 1.45rem;\n  line-height: 0.75;\n  text-align: center;\n  color: rgb(48, 140, 8);\n}\n#text-2418081238 > * {\n  color: rgb(48, 140, 8);\n}\n<\/style>\n\t<\/div>\n\t\n\t<div id=\"text-1296951116\" class=\"text\">\n\t\t\n\n<p><strong>Th\u00e2n g\u1eedi Qu\u00fd \u0111\u1ed1i t\u00e1c, Qu\u00fd kh\u00e1ch h\u00e0ng !\u00a0<\/strong><\/p>\n\t\t\n<style>\n#text-1296951116 {\n  font-size: 1.05rem;\n  line-height: 0.75;\n  text-align: center;\n  color: rgb(83, 79, 79);\n}\n#text-1296951116 > * {\n  color: rgb(83, 79, 79);\n}\n<\/style>\n\t<\/div>\n\t\n<div class=\"row\"  id=\"row-278839991\">\n\n\n\t<div id=\"col-1816428234\" class=\"col medium-1 small-12 large-1\"  >\n\t\t\t\t<div class=\"col-inner\"  >\n\t\t\t\n\t\t\t\n\n\n\t\t<\/div>\n\t\t\t\t\t<\/div>\n\n\t\n\n\t<div id=\"col-2146330694\" class=\"col medium-10 small-12 large-10\"  >\n\t\t\t\t<div class=\"col-inner\"  >\n\t\t\t\n\t\t\t\n\n\t<div id=\"text-4096265778\" class=\"text\">\n\t\t\n\n<p style=\"text-align: left;\" data-padding=\"10px\" data-animate-delay=\"200\">Qu\u00fd kh\u00e1ch h\u00e0ng th\u00e2n m\u1ebfn !<\/p>\n\n\t\t\n<style>\n#text-4096265778 {\n  font-size: 1.05rem;\n  line-height: 0.75;\n}\n<\/style>\n\t<\/div>\n\t\n\t<div id=\"text-3136420725\" class=\"text\">\n\t\t\n\n<p style=\"text-align: left;\" data-padding=\"10px\" data-animate-delay=\"200\">Thay m\u1eb7t to\u00e0n th\u1ec3 l\u00e3nh \u0111\u1ea1o v\u00e0 nh\u00e2n vi\u00ean <a href=\"https:\/\/www.baobihogia.vn\/\">nh\u1ef1a H\u1ed3 Gia\u00a0<\/a>xin g\u1eedi t\u1edbi Qu\u00fd kh\u00e1ch h\u00e0ng l\u1eddi ch\u00e0o tr\u00e2n tr\u1ecdng v\u00e0 l\u1eddi c\u1ea3m \u01a1n ch\u00e2n th\u00e0nh nh\u1ea5t.<\/p>\n<p>Nh\u1edd tinh th\u1ea7n quy\u1ebft t\u00e2m, h\u1ecdc h\u1ecfi v\u00e0 \u00e1p d\u1ee5ng nh\u1eefng th\u00e0nh t\u1ef1u khoa h\u1ecdc k\u1ef9 thu\u1eadt,\u00a0 v\u00e0o th\u1ef1c ti\u1ec5n s\u1ea3n xu\u1ea5t, Nh\u1ef1a H\u1ed3 Gia \u0111\u00e3 v\u00e0 \u0111ang c\u00f3 \u0111\u01b0\u1ee3c nh\u1eefng s\u1ea3n ph\u1ea9m, d\u1ecbch v\u1ee5 \u0111\u01b0\u1ee3c nhi\u1ec1u kh\u00e1ch h\u00e0ng tin c\u1eady v\u00e0 s\u1eed d\u1ee5ng.<\/p>\n<p><a href=\"https:\/\/www.baobihogia.vn\/\">Nh\u1ef1a H\u1ed3 Gia<\/a> cam k\u1ebft mang \u0111\u1ebfn cho kh\u00e1ch h\u00e0ng s\u1ef1 h\u00e0i l\u00f2ng t\u1ed1i \u0111a, c\u00e1c s\u1ea3n ph\u1ea9m \u0111a d\u1ea1ng, \u0111\u1ea3m b\u1ea3o \u0111\u00fang ch\u1ea5t l\u01b0\u1ee3ng, \u0111\u00fang ti\u1ebfn \u0111\u1ed9 v\u00e0 gi\u00e1 th\u00e0nh h\u1ee3p l\u00fd nh\u1ea5t. Qua \u0111\u00f3, Nh\u1ef1a H\u1ed3 Gia thi\u1ebft l\u1eadp m\u1ed1i quan h\u1ec7 g\u1eafn b\u00f3 b\u1ec1n v\u1eefng v\u1edbi c\u00e1c kh\u00e1ch h\u00e0ng c\u0169 v\u00e0 m\u1edf r\u1ed9ng kh\u00f4ng ng\u1eebng quan h\u1ec7 h\u1ee3p t\u00e1c v\u1edbi c\u00e1c kh\u00e1ch h\u00e0ng m\u1edbi\u00a0 tr\u00ean c\u00e1c l\u0129nh v\u1ef1c ho\u1ea1t \u0111\u1ed9ng kinh doanh c\u1ee7a m\u00ecnh.<\/p>\n<p>Ch\u00fang t\u00f4i tri \u00e2n nh\u1eefng kh\u00e1ch h\u00e0ng \u0111\u00e3 l\u1ef1a ch\u1ecdn ch\u00fang t\u00f4i nh\u01b0 m\u1ed9t \u0111\u1ed1i t\u00e1c d\u00e0i h\u1ea1n v\u00e0 vui m\u1eebng ch\u00e0o \u0111\u00f3n c\u00e1c Kh\u00e1ch h\u00e0ng m\u1edbi \u0111\u1ebfn tham quan, t\u00ecm hi\u1ec3u c\u00f4ng ty.<\/p>\n<p>Tr\u00e2n tr\u1ecdng.<\/p>\n\t\t\n<style>\n#text-3136420725 {\n  font-size: 0.95rem;\n  line-height: 1.25;\n}\n<\/style>\n\t<\/div>\n\t\n\t<div id=\"gap-2081361549\" class=\"gap-element clearfix\" style=\"display:block; height:auto;\">\n\t\t\n<style>\n#gap-2081361549 {\n  padding-top: 30px;\n}\n<\/style>\n\t<\/div>\n\t\n\n\t<div class=\"img has-hover x md-x lg-x y md-y lg-y\" id=\"image_1076015148\">\n\t\t\t\t\t\t<div data-animate=\"fadeInLeft\">\t\t<div class=\"img-inner dark\" >\n\t\t\t<img loading=\"lazy\" decoding=\"async\" width=\"1020\" height=\"765\" src=\"https:\/\/www.baobihogia.vn\/wp-content\/uploads\/2024\/03\/z5226210390460_b8c0a6432fdee2bbc42d7f533d28c9df-1024x768.jpg\" class=\"attachment-large size-large\" alt=\"\" srcset=\"https:\/\/www.baobihogia.vn\/wp-content\/uploads\/2024\/03\/z5226210390460_b8c0a6432fdee2bbc42d7f533d28c9df-1024x768.jpg 1024w, https:\/\/www.baobihogia.vn\/wp-content\/uploads\/2024\/03\/z5226210390460_b8c0a6432fdee2bbc42d7f533d28c9df-1000x750.jpg 1000w, https:\/\/www.baobihogia.vn\/wp-content\/uploads\/2024\/03\/z5226210390460_b8c0a6432fdee2bbc42d7f533d28c9df-300x225.jpg 300w, https:\/\/www.baobihogia.vn\/wp-content\/uploads\/2024\/03\/z5226210390460_b8c0a6432fdee2bbc42d7f533d28c9df-768x576.jpg 768w, https:\/\/www.baobihogia.vn\/wp-content\/uploads\/2024\/03\/z5226210390460_b8c0a6432fdee2bbc42d7f533d28c9df.jpg 1281w\" sizes=\"auto, (max-width: 1020px) 100vw, 1020px\" \/>\t\t\t\t\t\t\n\t\t\t\t\t<\/div>\n\t\t<\/div>\t\t\t\t\t\t\n<style>\n#image_1076015148 {\n  width: 88%;\n}\n<\/style>\n\t<\/div>\n\t\n\n\n\t\t<\/div>\n\t\t\t\t\t<\/div>\n\n\t\n\n\t<div id=\"col-638984064\" class=\"col medium-1 small-12 large-1\"  >\n\t\t\t\t<div class=\"col-inner\"  >\n\t\t\t\n\t\t\t\n\n\n\t\t<\/div>\n\t\t\t\t\t<\/div>\n\n\t\n\n<\/div>\n\n","protected":false},"excerpt":{"rendered":"","protected":false},"author":1,"featured_media":0,"parent":0,"menu_order":0,"comment_status":"closed","ping_status":"closed","template":"page-blank.php","meta":{"footnotes":""},"class_list":["post-709","page","type-page","status-publish","hentry"],"_links":{"self":[{"href":"https:\/\/www.baobihogia.vn\/index.php?rest_route=\/wp\/v2\/pages\/709","targetHints":{"allow":["GET"]}}],"collection":[{"href":"https:\/\/www.baobihogia.vn\/index.php?rest_route=\/wp\/v2\/pages"}],"about":[{"href":"https:\/\/www.baobihogia.vn\/index.php?rest_route=\/wp\/v2\/types\/page"}],"author":[{"embeddable":true,"href":"https:\/\/www.baobihogia.vn\/index.php?rest_route=\/wp\/v2\/users\/1"}],"replies":[{"embeddable":true,"href":"https:\/\/www.baobihogia.vn\/index.php?rest_route=%2Fwp%2Fv2%2Fcomments&post=709"}],"version-history":[{"count":16,"href":"https:\/\/www.baobihogia.vn\/index.php?rest_route=\/wp\/v2\/pages\/709\/revisions"}],"predecessor-version":[{"id":738,"href":"https:\/\/www.baobihogia.vn\/index.php?rest_route=\/wp\/v2\/pages\/709\/revisions\/738"}],"wp:attachment":[{"href":"https:\/\/www.baobihogia.vn\/index.php?rest_route=%2Fwp%2Fv2%2Fmedia&parent=709"}],"curies":[{"name":"wp","href":"https:\/\/api.w.org\/{rel}","templated":true}]}}